{"id":690,"date":"2023-09-19T16:24:07","date_gmt":"2023-09-19T14:24:07","guid":{"rendered":"http:\/\/www.masubvention.com\/?page_id=690"},"modified":"2023-09-24T11:54:58","modified_gmt":"2023-09-24T09:54:58","slug":"mes-aides","status":"publish","type":"page","link":"https:\/\/www.masubvention.com\/?page_id=690","title":{"rendered":"Mes aides"},"content":{"rendered":"\t\t<div data-elementor-type=\"wp-page\" data-elementor-id=\"690\" class=\"elementor elementor-690\">\n\t\t\t\t\t\t\t\t\t<section class=\"elementor-section elementor-top-section elementor-element elementor-element-67a7a140 elementor-section-boxed elementor-section-height-default elementor-section-height-default wpr-particle-no wpr-jarallax-no wpr-parallax-no wpr-sticky-section-no\" data-id=\"67a7a140\" data-element_type=\"section\">\n\t\t\t\t\t\t<div class=\"elementor-container elementor-column-gap-no\">\n\t\t\t\t\t<div class=\"elementor-column elementor-col-100 elementor-top-column elementor-element elementor-element-3e237b93\" data-id=\"3e237b93\" data-element_type=\"column\">\n\t\t\t<div class=\"elementor-widget-wrap elementor-element-populated\">\n\t\t\t\t\t\t\t\t<div class=\"elementor-element elementor-element-6b7b263c elementor-widget elementor-widget-heading\" data-id=\"6b7b263c\" data-element_type=\"widget\" data-widget_type=\"heading.default\">\n\t\t\t\t<div class=\"elementor-widget-container\">\n\t\t\t<style>\/*! elementor - v3.16.0 - 20-09-2023 *\/\n.elementor-heading-title{padding:0;margin:0;line-height:1}.elementor-widget-heading .elementor-heading-title[class*=elementor-size-]>a{color:inherit;font-size:inherit;line-height:inherit}.elementor-widget-heading .elementor-heading-title.elementor-size-small{font-size:15px}.elementor-widget-heading .elementor-heading-title.elementor-size-medium{font-size:19px}.elementor-widget-heading .elementor-heading-title.elementor-size-large{font-size:29px}.elementor-widget-heading .elementor-heading-title.elementor-size-xl{font-size:39px}.elementor-widget-heading .elementor-heading-title.elementor-size-xxl{font-size:59px}<\/style><h1 class=\"elementor-heading-title elementor-size-default\">Profitez des subventions de l'\u00c9tat <\/h1>\t\t<\/div>\n\t\t\t\t<\/div>\n\t\t\t\t<div class=\"elementor-element elementor-element-4f02a276 elementor-widget elementor-widget-text-editor\" data-id=\"4f02a276\" data-element_type=\"widget\" data-widget_type=\"text-editor.default\">\n\t\t\t\t<div class=\"elementor-widget-container\">\n\t\t\t<style>\/*! elementor - v3.16.0 - 20-09-2023 *\/\n.elementor-widget-text-editor.elementor-drop-cap-view-stacked .elementor-drop-cap{background-color:#69727d;color:#fff}.elementor-widget-text-editor.elementor-drop-cap-view-framed .elementor-drop-cap{color:#69727d;border:3px solid;background-color:transparent}.elementor-widget-text-editor:not(.elementor-drop-cap-view-default) .elementor-drop-cap{margin-top:8px}.elementor-widget-text-editor:not(.elementor-drop-cap-view-default) .elementor-drop-cap-letter{width:1em;height:1em}.elementor-widget-text-editor .elementor-drop-cap{float:left;text-align:center;line-height:1;font-size:50px}.elementor-widget-text-editor .elementor-drop-cap-letter{display:inline-block}<\/style>\t\t\t\t<p>En France, il existe plusieurs<b> aides et subventions disponibles<\/b> pour encourager l&#8217;ITE et aider les propri\u00e9taires \u00e0 <b>r\u00e9duire leurs d\u00e9penses d&#8217;\u00e9nergie.<\/b> Voici quelques-unes des principales aides :<\/p>\t\t\t\t\t\t<\/div>\n\t\t\t\t<\/div>\n\t\t\t\t\t<\/div>\n\t\t<\/div>\n\t\t\t\t\t\t\t<\/div>\n\t\t<\/section>\n\t\t\t\t<section class=\"elementor-section elementor-top-section elementor-element elementor-element-704416a elementor-section-boxed elementor-section-height-default elementor-section-height-default wpr-particle-no wpr-jarallax-no wpr-parallax-no wpr-sticky-section-no\" data-id=\"704416a\" data-element_type=\"section\" data-settings=\"{&quot;background_background&quot;:&quot;classic&quot;}\">\n\t\t\t\t\t\t\t<div class=\"elementor-background-overlay\"><\/div>\n\t\t\t\t\t\t\t<div class=\"elementor-container elementor-column-gap-wide\">\n\t\t\t\t\t<div class=\"elementor-column elementor-col-50 elementor-top-column elementor-element elementor-element-f46d794\" data-id=\"f46d794\" data-element_type=\"column\">\n\t\t\t<div class=\"elementor-widget-wrap elementor-element-populated\">\n\t\t\t\t\t\t\t\t<div class=\"elementor-element elementor-element-0233249 elementor-widget-laptop__width-initial elementor-widget elementor-widget-heading\" data-id=\"0233249\" data-element_type=\"widget\" data-widget_type=\"heading.default\">\n\t\t\t\t<div class=\"elementor-widget-container\">\n\t\t\t<h2 class=\"elementor-heading-title elementor-size-default\">MaPrimeR\u00e9nov' :\u200b<\/h2>\t\t<\/div>\n\t\t\t\t<\/div>\n\t\t\t\t<div class=\"elementor-element elementor-element-15a5bdc elementor-widget-laptop__width-initial elementor-widget elementor-widget-text-editor\" data-id=\"15a5bdc\" data-element_type=\"widget\" data-widget_type=\"text-editor.default\">\n\t\t\t\t<div class=\"elementor-widget-container\">\n\t\t\t\t\t\t\t<ul><li>Dans le cadre du programme \u00ab MaPrimeR\u00e9nov\u2019 S\u00e9r\u00e9nit\u00e9 \u00bb, l\u2019Anah (l\u2019Agence Nationale pour l\u2019Habitat) pr\u00e9voit d\u2019accorder une aide aux personnes souhaitant engager des travaux d\u2019isolation des murs par l\u2019ext\u00e9rieur.\u200b<\/li><\/ul>\t\t\t\t\t\t<\/div>\n\t\t\t\t<\/div>\n\t\t\t\t\t<\/div>\n\t\t<\/div>\n\t\t\t\t<div class=\"elementor-column elementor-col-50 elementor-top-column elementor-element elementor-element-ea6dabe elementor-hidden-tablet elementor-hidden-mobile\" data-id=\"ea6dabe\" data-element_type=\"column\">\n\t\t\t<div class=\"elementor-widget-wrap elementor-element-populated\">\n\t\t\t\t\t\t\t\t<div class=\"elementor-element elementor-element-bedc844 elementor-widget-laptop__width-initial elementor-widget elementor-widget-image\" data-id=\"bedc844\" data-element_type=\"widget\" data-widget_type=\"image.default\">\n\t\t\t\t<div class=\"elementor-widget-container\">\n\t\t\t<style>\/*! elementor - v3.16.0 - 20-09-2023 *\/\n.elementor-widget-image{text-align:center}.elementor-widget-image a{display:inline-block}.elementor-widget-image a img[src$=\".svg\"]{width:48px}.elementor-widget-image img{vertical-align:middle;display:inline-block}<\/style>\t\t\t\t\t\t\t\t\t\t\t\t<img decoding=\"async\" width=\"800\" height=\"400\" src=\"https:\/\/www.masubvention.com\/wp-content\/uploads\/2023\/09\/logo-ma-prime-renov.png\" class=\"attachment-large size-large wp-image-707\" alt=\"\" srcset=\"https:\/\/www.masubvention.com\/wp-content\/uploads\/2023\/09\/logo-ma-prime-renov.png 800w, https:\/\/www.masubvention.com\/wp-content\/uploads\/2023\/09\/logo-ma-prime-renov-300x150.png 300w, https:\/\/www.masubvention.com\/wp-content\/uploads\/2023\/09\/logo-ma-prime-renov-768x384.png 768w\" sizes=\"(max-width: 800px) 100vw, 800px\" \/>\t\t\t\t\t\t\t\t\t\t\t\t\t\t\t<\/div>\n\t\t\t\t<\/div>\n\t\t\t\t\t<\/div>\n\t\t<\/div>\n\t\t\t\t\t\t\t<\/div>\n\t\t<\/section>\n\t\t\t\t<section class=\"elementor-section elementor-top-section elementor-element elementor-element-8769729 elementor-section-boxed elementor-section-height-default elementor-section-height-default wpr-particle-no wpr-jarallax-no wpr-parallax-no wpr-sticky-section-no\" data-id=\"8769729\" data-element_type=\"section\" data-settings=\"{&quot;background_background&quot;:&quot;classic&quot;}\">\n\t\t\t\t\t\t\t<div class=\"elementor-background-overlay\"><\/div>\n\t\t\t\t\t\t\t<div class=\"elementor-container elementor-column-gap-wide\">\n\t\t\t\t\t<div class=\"elementor-column elementor-col-50 elementor-top-column elementor-element elementor-element-4323057 elementor-hidden-tablet elementor-hidden-mobile\" data-id=\"4323057\" data-element_type=\"column\">\n\t\t\t<div class=\"elementor-widget-wrap elementor-element-populated\">\n\t\t\t\t\t\t\t\t<div class=\"elementor-element elementor-element-7d906d7 elementor-widget-laptop__width-initial elementor-widget elementor-widget-image\" data-id=\"7d906d7\" data-element_type=\"widget\" data-widget_type=\"image.default\">\n\t\t\t\t<div class=\"elementor-widget-container\">\n\t\t\t\t\t\t\t\t\t\t\t\t\t\t\t<img decoding=\"async\" src=\"http:\/\/www.masubvention.com\/wp-content\/uploads\/2023\/09\/eco-pret.jpg\" title=\"\" alt=\"\" loading=\"lazy\" \/>\t\t\t\t\t\t\t\t\t\t\t\t\t\t\t<\/div>\n\t\t\t\t<\/div>\n\t\t\t\t\t<\/div>\n\t\t<\/div>\n\t\t\t\t<div class=\"elementor-column elementor-col-50 elementor-top-column elementor-element elementor-element-d0295bd\" data-id=\"d0295bd\" data-element_type=\"column\">\n\t\t\t<div class=\"elementor-widget-wrap elementor-element-populated\">\n\t\t\t\t\t\t\t\t<div class=\"elementor-element elementor-element-ea84ce8 elementor-widget elementor-widget-heading\" data-id=\"ea84ce8\" data-element_type=\"widget\" data-widget_type=\"heading.default\">\n\t\t\t\t<div class=\"elementor-widget-container\">\n\t\t\t<h2 class=\"elementor-heading-title elementor-size-default\">L'\u00e9co-PTZ :\u200b<\/h2>\t\t<\/div>\n\t\t\t\t<\/div>\n\t\t\t\t<div class=\"elementor-element elementor-element-079d9c7 elementor-widget elementor-widget-text-editor\" data-id=\"079d9c7\" data-element_type=\"widget\" data-widget_type=\"text-editor.default\">\n\t\t\t\t<div class=\"elementor-widget-container\">\n\t\t\t\t\t\t\t<p>Pouvant aller jusqu\u2019\u00e0 30 000\u20ac, Il est tout \u00e0 fait possible de r\u00e9aliser des travaux d\u2019isolation des murs par l\u2019ext\u00e9rieur et de b\u00e9n\u00e9ficier d\u2019un \u00e9co-PTZ, si les travaux envisag\u00e9s concernent une r\u00e9sidence principale dont la construction a \u00e9t\u00e9 achev\u00e9e il y a plus de deux ans.\u200b<\/p>\t\t\t\t\t\t<\/div>\n\t\t\t\t<\/div>\n\t\t\t\t\t<\/div>\n\t\t<\/div>\n\t\t\t\t\t\t\t<\/div>\n\t\t<\/section>\n\t\t\t\t<section class=\"elementor-section elementor-top-section elementor-element elementor-element-16cb7b6 elementor-section-boxed elementor-section-height-default elementor-section-height-default wpr-particle-no wpr-jarallax-no wpr-parallax-no wpr-sticky-section-no\" data-id=\"16cb7b6\" data-element_type=\"section\" data-settings=\"{&quot;background_background&quot;:&quot;classic&quot;}\">\n\t\t\t\t\t\t\t<div class=\"elementor-background-overlay\"><\/div>\n\t\t\t\t\t\t\t<div class=\"elementor-container elementor-column-gap-wide\">\n\t\t\t\t\t<div class=\"elementor-column elementor-col-50 elementor-top-column elementor-element elementor-element-0238ecf\" data-id=\"0238ecf\" data-element_type=\"column\">\n\t\t\t<div class=\"elementor-widget-wrap elementor-element-populated\">\n\t\t\t\t\t\t\t\t<div class=\"elementor-element elementor-element-a25f8c7 elementor-widget elementor-widget-heading\" data-id=\"a25f8c7\" data-element_type=\"widget\" data-widget_type=\"heading.default\">\n\t\t\t\t<div class=\"elementor-widget-container\">\n\t\t\t<h2 class=\"elementor-heading-title elementor-size-default\">Le CITE : \u200b<\/h2>\t\t<\/div>\n\t\t\t\t<\/div>\n\t\t\t\t<div class=\"elementor-element elementor-element-d84110f elementor-widget-laptop__width-initial elementor-widget elementor-widget-text-editor\" data-id=\"d84110f\" data-element_type=\"widget\" data-widget_type=\"text-editor.default\">\n\t\t\t\t<div class=\"elementor-widget-container\">\n\t\t\t\t\t\t\t<ul><li>Bien que le CITE ait \u00e9t\u00e9 transform\u00e9 en MaPrimeR\u00e9nov&#8217;, il peut encore s&#8217;appliquer \u00e0 certains projets d&#8217;ITE pour les propri\u00e9taires qui ne sont pas \u00e9ligibles \u00e0 MaPrimeR\u00e9nov&#8217;.\u200b<\/li><\/ul>\t\t\t\t\t\t<\/div>\n\t\t\t\t<\/div>\n\t\t\t\t\t<\/div>\n\t\t<\/div>\n\t\t\t\t<div class=\"elementor-column elementor-col-50 elementor-top-column elementor-element elementor-element-e2070b4 elementor-hidden-tablet elementor-hidden-mobile\" data-id=\"e2070b4\" data-element_type=\"column\">\n\t\t\t<div class=\"elementor-widget-wrap elementor-element-populated\">\n\t\t\t\t\t\t\t\t<div class=\"elementor-element elementor-element-9c754f1 elementor-widget-laptop__width-initial elementor-widget elementor-widget-image\" data-id=\"9c754f1\" data-element_type=\"widget\" data-widget_type=\"image.default\">\n\t\t\t\t<div class=\"elementor-widget-container\">\n\t\t\t\t\t\t\t\t\t\t\t\t\t\t\t<img decoding=\"async\" width=\"860\" height=\"450\" src=\"https:\/\/www.masubvention.com\/wp-content\/uploads\/2023\/09\/aide-CITE-header.png\" class=\"attachment-large size-large wp-image-716\" alt=\"\" srcset=\"https:\/\/www.masubvention.com\/wp-content\/uploads\/2023\/09\/aide-CITE-header.png 860w, https:\/\/www.masubvention.com\/wp-content\/uploads\/2023\/09\/aide-CITE-header-300x157.png 300w, https:\/\/www.masubvention.com\/wp-content\/uploads\/2023\/09\/aide-CITE-header-768x402.png 768w\" sizes=\"(max-width: 860px) 100vw, 860px\" \/>\t\t\t\t\t\t\t\t\t\t\t\t\t\t\t<\/div>\n\t\t\t\t<\/div>\n\t\t\t\t\t<\/div>\n\t\t<\/div>\n\t\t\t\t\t\t\t<\/div>\n\t\t<\/section>\n\t\t\t\t<section class=\"elementor-section elementor-top-section elementor-element elementor-element-f2a3177 elementor-section-boxed elementor-section-height-default elementor-section-height-default wpr-particle-no wpr-jarallax-no wpr-parallax-no wpr-sticky-section-no\" data-id=\"f2a3177\" data-element_type=\"section\" data-settings=\"{&quot;background_background&quot;:&quot;classic&quot;}\">\n\t\t\t\t\t\t\t<div class=\"elementor-background-overlay\"><\/div>\n\t\t\t\t\t\t\t<div class=\"elementor-container elementor-column-gap-wide\">\n\t\t\t\t\t<div class=\"elementor-column elementor-col-50 elementor-top-column elementor-element elementor-element-daa2c50 elementor-hidden-tablet elementor-hidden-mobile\" data-id=\"daa2c50\" data-element_type=\"column\">\n\t\t\t<div class=\"elementor-widget-wrap elementor-element-populated\">\n\t\t\t\t\t\t\t\t<div class=\"elementor-element elementor-element-edaefab elementor-widget-laptop__width-initial elementor-widget elementor-widget-image\" data-id=\"edaefab\" data-element_type=\"widget\" data-widget_type=\"image.default\">\n\t\t\t\t<div class=\"elementor-widget-container\">\n\t\t\t\t\t\t\t\t\t\t\t\t\t\t\t<img decoding=\"async\" width=\"960\" height=\"540\" src=\"https:\/\/www.masubvention.com\/wp-content\/uploads\/2023\/09\/AFIEG-Position-FAQ-du-dispositif-CEE-fevrier-2021-1024x576.png\" class=\"attachment-large size-large wp-image-711\" alt=\"\" srcset=\"https:\/\/www.masubvention.com\/wp-content\/uploads\/2023\/09\/AFIEG-Position-FAQ-du-dispositif-CEE-fevrier-2021-1024x576.png 1024w, https:\/\/www.masubvention.com\/wp-content\/uploads\/2023\/09\/AFIEG-Position-FAQ-du-dispositif-CEE-fevrier-2021-300x169.png 300w, https:\/\/www.masubvention.com\/wp-content\/uploads\/2023\/09\/AFIEG-Position-FAQ-du-dispositif-CEE-fevrier-2021-768x432.png 768w, https:\/\/www.masubvention.com\/wp-content\/uploads\/2023\/09\/AFIEG-Position-FAQ-du-dispositif-CEE-fevrier-2021-1536x864.png 1536w, https:\/\/www.masubvention.com\/wp-content\/uploads\/2023\/09\/AFIEG-Position-FAQ-du-dispositif-CEE-fevrier-2021.png 1920w\" sizes=\"(max-width: 960px) 100vw, 960px\" \/>\t\t\t\t\t\t\t\t\t\t\t\t\t\t\t<\/div>\n\t\t\t\t<\/div>\n\t\t\t\t<div class=\"elementor-element elementor-element-e7ce8b4 elementor-widget-laptop__width-initial elementor-widget elementor-widget-image\" data-id=\"e7ce8b4\" data-element_type=\"widget\" data-widget_type=\"image.default\">\n\t\t\t\t<div class=\"elementor-widget-container\">\n\t\t\t\t\t\t\t\t\t\t\t\t\t\t\t<img decoding=\"async\" width=\"768\" height=\"435\" src=\"https:\/\/www.masubvention.com\/wp-content\/uploads\/2023\/09\/logo_cheque_energie-768x435.png\" class=\"attachment-medium_large size-medium_large wp-image-710\" alt=\"\" srcset=\"https:\/\/www.masubvention.com\/wp-content\/uploads\/2023\/09\/logo_cheque_energie-768x435.png 768w, https:\/\/www.masubvention.com\/wp-content\/uploads\/2023\/09\/logo_cheque_energie-300x170.png 300w, https:\/\/www.masubvention.com\/wp-content\/uploads\/2023\/09\/logo_cheque_energie-1024x580.png 1024w, https:\/\/www.masubvention.com\/wp-content\/uploads\/2023\/09\/logo_cheque_energie-1536x870.png 1536w, https:\/\/www.masubvention.com\/wp-content\/uploads\/2023\/09\/logo_cheque_energie-2048x1160.png 2048w\" sizes=\"(max-width: 768px) 100vw, 768px\" \/>\t\t\t\t\t\t\t\t\t\t\t\t\t\t\t<\/div>\n\t\t\t\t<\/div>\n\t\t\t\t\t<\/div>\n\t\t<\/div>\n\t\t\t\t<div class=\"elementor-column elementor-col-50 elementor-top-column elementor-element elementor-element-1cc78d8\" data-id=\"1cc78d8\" data-element_type=\"column\">\n\t\t\t<div class=\"elementor-widget-wrap elementor-element-populated\">\n\t\t\t\t\t\t\t\t<div class=\"elementor-element elementor-element-33d2367 elementor-widget elementor-widget-heading\" data-id=\"33d2367\" data-element_type=\"widget\" data-widget_type=\"heading.default\">\n\t\t\t\t<div class=\"elementor-widget-container\">\n\t\t\t<h2 class=\"elementor-heading-title elementor-size-default\">Aides suppl\u00e9mentaires:\u200b<\/h2>\t\t<\/div>\n\t\t\t\t<\/div>\n\t\t\t\t<div class=\"elementor-element elementor-element-6da6028 elementor-widget-laptop__width-initial elementor-widget elementor-widget-text-editor\" data-id=\"6da6028\" data-element_type=\"widget\" data-widget_type=\"text-editor.default\">\n\t\t\t\t<div class=\"elementor-widget-container\">\n\t\t\t\t\t\t\t<ul><li>En plus de ces aides, vous pouvez b\u00e9n\u00e9ficier de subventions locales, d&#8217;une TVA r\u00e9duite, et d&#8217;autre aides en fonction de votre situation (Pr\u00eat Action Logement, Programme &#8220;Habiter Mieux&#8221;, Ch\u00e8que \u00e9nergie&#8230;) \u200b<\/li><\/ul>\t\t\t\t\t\t<\/div>\n\t\t\t\t<\/div>\n\t\t\t\t\t<\/div>\n\t\t<\/div>\n\t\t\t\t\t\t\t<\/div>\n\t\t<\/section>\n\t\t\t\t\t\t\t<\/div>\n\t\t","protected":false},"excerpt":{"rendered":"<p>Profitez des subventions de l&#8217;\u00c9tat En France, il existe plusieurs aides et subventions disponibles pour encourager l&#8217;ITE et aider les propri\u00e9taires \u00e0 r\u00e9duire leurs d\u00e9penses d&#8217;\u00e9nergie. Voici quelques-unes des principales aides : MaPrimeR\u00e9nov&#8217; :\u200b Dans le cadre du programme \u00ab MaPrimeR\u00e9nov\u2019 S\u00e9r\u00e9nit\u00e9 \u00bb, l\u2019Anah (l\u2019Agence Nationale pour l\u2019Habitat) pr\u00e9voit d\u2019accorder une aide aux personnes souhaitant [&hellip;]<\/p>\n","protected":false},"author":1,"featured_media":0,"parent":0,"menu_order":0,"comment_status":"closed","ping_status":"closed","template":"","meta":{"footnotes":""},"class_list":["post-690","page","type-page","status-publish","hentry"],"_links":{"self":[{"href":"https:\/\/www.masubvention.com\/index.php?rest_route=\/wp\/v2\/pages\/690","targetHints":{"allow":["GET"]}}],"collection":[{"href":"https:\/\/www.masubvention.com\/index.php?rest_route=\/wp\/v2\/pages"}],"about":[{"href":"https:\/\/www.masubvention.com\/index.php?rest_route=\/wp\/v2\/types\/page"}],"author":[{"embeddable":true,"href":"https:\/\/www.masubvention.com\/index.php?rest_route=\/wp\/v2\/users\/1"}],"replies":[{"embeddable":true,"href":"https:\/\/www.masubvention.com\/index.php?rest_route=%2Fwp%2Fv2%2Fcomments&post=690"}],"version-history":[{"count":24,"href":"https:\/\/www.masubvention.com\/index.php?rest_route=\/wp\/v2\/pages\/690\/revisions"}],"predecessor-version":[{"id":1301,"href":"https:\/\/www.masubvention.com\/index.php?rest_route=\/wp\/v2\/pages\/690\/revisions\/1301"}],"wp:attachment":[{"href":"https:\/\/www.masubvention.com\/index.php?rest_route=%2Fwp%2Fv2%2Fmedia&parent=690"}],"curies":[{"name":"wp","href":"https:\/\/api.w.org\/{rel}","templated":true}]}}